{"id":18,"date":"2025-09-04T06:36:40","date_gmt":"2025-09-04T04:36:40","guid":{"rendered":"http:\/\/www.xn--stopp-mllverbrennung-graz-lwc.at\/?page_id=18"},"modified":"2025-11-04T09:51:19","modified_gmt":"2025-11-04T08:51:19","slug":"impressum-buergerinitiative-stopp-muellverbrennung-graz","status":"publish","type":"page","link":"https:\/\/www.xn--stopp-mllverbrennung-graz-lwc.at\/?page_id=18","title":{"rendered":"Impressum"},"content":{"rendered":"\r\n<p>Stopp M\u00fcllverbrennungsanlage Graz<br \/>Eine B\u00fcrgerinitiative gegen die geplante M\u00fcllverbrennungsanlage in Graz<\/p>\r\n\r\n\r\n\r\n<p>Vertretungsberechtigt: <a href=\"https:\/\/www.stopp-m%C3%BCllverbrennung-graz.at\" target=\"_blank\" rel=\"noopener\">B\u00fcrgerinitiative f\u00fcr eine klima- und gesundheitsschonende Fernw\u00e4rmeversorgung f\u00fcr Graz<\/a><br \/>Homepage: Winfried K\u00f6nig \/ E-Mail: erde.graz@gmx.at<\/p>\r\n\r\n\r\n\r\n<p>Haftungsausschluss:<br \/>Die Inhalte dieser Website wurden sorgf\u00e4ltig erstellt. F\u00fcr die Richtigkeit, Vollst\u00e4ndigkeit und Aktualit\u00e4t \u00fcbernehmen wir jedoch keine Gew\u00e4hr.<\/p>\r\n\r\n\r\n\r\n<p>Urheberrecht:<br \/>Alle Texte und Inhalte dieser Website sind urheberrechtlich gesch\u00fctzt.<\/p>\r\n","protected":false},"excerpt":{"rendered":"<p>Stopp M\u00fcllverbrennungsanlage GrazEine B\u00fcrgerinitiative gegen die geplante M\u00fcllverbrennungsanlage in Graz Vertretungsberechtigt: B\u00fcrgerinitiative f\u00fcr eine klima- und gesundheitsschonende Fernw\u00e4rmeversorgung f\u00fcr GrazHomepage: [&hellip;]<\/p>\n","protected":false},"author":1,"featured_media":0,"parent":0,"menu_order":0,"comment_status":"closed","ping_status":"closed","template":"","meta":{"site-sidebar-layout":"default","site-content-layout":"","ast-site-content-layout":"default","site-content-style":"default","site-sidebar-style":"default","ast-global-header-display":"","ast-banner-title-visibility":"","ast-main-header-display":"","ast-hfb-above-header-display":"","ast-hfb-below-header-display":"","ast-hfb-mobile-header-display":"","site-post-title":"","ast-breadcrumbs-content":"","ast-featured-img":"","footer-sml-layout":"","theme-transparent-header-meta":"default","adv-header-id-meta":"","stick-header-meta":"","header-above-stick-meta":"","header-main-stick-meta":"","header-below-stick-meta":"","astra-migrate-meta-layouts":"set","ast-page-background-enabled":"default","ast-page-background-meta":{"desktop":{"background-color":"var(--ast-global-color-5)","background-image":"","background-repeat":"repeat","background-position":"center center","background-size":"auto","background-attachment":"scroll","background-type":"","background-media":"","overlay-type":"","overlay-color":"","overlay-opacity":"","overlay-gradient":""},"tablet":{"background-color":"","background-image":"","background-repeat":"repeat","background-position":"center center","background-size":"auto","background-attachment":"scroll","background-type":"","background-media":"","overlay-type":"","overlay-color":"","overlay-opacity":"","overlay-gradient":""},"mobile":{"background-color":"","background-image":"","background-repeat":"repeat","background-position":"center center","background-size":"auto","background-attachment":"scroll","background-type":"","background-media":"","overlay-type":"","overlay-color":"","overlay-opacity":"","overlay-gradient":""}},"ast-content-background-meta":{"desktop":{"background-color":"var(--ast-global-color-4)","background-image":"","background-repeat":"repeat","background-position":"center center","background-size":"auto","background-attachment":"scroll","background-type":"","background-media":"","overlay-type":"","overlay-color":"","overlay-opacity":"","overlay-gradient":""},"tablet":{"background-color":"var(--ast-global-color-4)","background-image":"","background-repeat":"repeat","background-position":"center center","background-size":"auto","background-attachment":"scroll","background-type":"","background-media":"","overlay-type":"","overlay-color":"","overlay-opacity":"","overlay-gradient":""},"mobile":{"background-color":"var(--ast-global-color-4)","background-image":"","background-repeat":"repeat","background-position":"center center","background-size":"auto","background-attachment":"scroll","background-type":"","background-media":"","overlay-type":"","overlay-color":"","overlay-opacity":"","overlay-gradient":""}},"footnotes":""},"class_list":["post-18","page","type-page","status-publish","hentry"],"yoast_head":"<!-- This site is optimized with the Yoast SEO plugin v25.8 - https:\/\/yoast.com\/wordpress\/plugins\/seo\/ -->\n<title>Impressum - stopp-m\u00fcllverbrennung-graz.at<\/title>\n<meta name=\"description\" content=\"Impressum der B\u00fcrgerinitiative Stopp M\u00fcllverbrennung Graz. Verantwortlich: Winfried K\u00f6nig. Informationen zu Haftung, Urheberrecht und Kontakt.\" \/>\n<meta name=\"robots\" content=\"index, follow, max-snippet:-1, max-image-preview:large, max-video-preview:-1\" \/>\n<link rel=\"canonical\" href=\"https:\/\/www.xn--stopp-mllverbrennung-graz-lwc.at\/?page_id=18\" \/>\n<meta property=\"og:locale\" content=\"de_DE\" \/>\n<meta property=\"og:type\" content=\"article\" \/>\n<meta property=\"og:title\" content=\"Impressum - stopp-m\u00fcllverbrennung-graz.at\" \/>\n<meta property=\"og:description\" content=\"Impressum der B\u00fcrgerinitiative Stopp M\u00fcllverbrennung Graz. Verantwortlich: Winfried K\u00f6nig. Informationen zu Haftung, Urheberrecht und Kontakt.\" \/>\n<meta property=\"og:url\" content=\"https:\/\/www.xn--stopp-mllverbrennung-graz-lwc.at\/?page_id=18\" \/>\n<meta property=\"og:site_name\" content=\"stopp-m\u00fcllverbrennung-graz.at\" \/>\n<meta property=\"article:modified_time\" content=\"2025-11-04T08:51:19+00:00\" \/>\n<meta name=\"twitter:card\" content=\"summary_large_image\" \/>\n<meta name=\"twitter:label1\" content=\"Gesch\u00e4tzte Lesezeit\" \/>\n\t<meta name=\"twitter:data1\" content=\"1 Minute\" \/>\n<script type=\"application\/ld+json\" class=\"yoast-schema-graph\">{\"@context\":\"https:\/\/schema.org\",\"@graph\":[{\"@type\":\"WebPage\",\"@id\":\"https:\/\/www.xn--stopp-mllverbrennung-graz-lwc.at\/?page_id=18\",\"url\":\"https:\/\/www.xn--stopp-mllverbrennung-graz-lwc.at\/?page_id=18\",\"name\":\"Impressum - stopp-m\u00fcllverbrennung-graz.at\",\"isPartOf\":{\"@id\":\"https:\/\/www.xn--stopp-mllverbrennung-graz-lwc.at\/#website\"},\"datePublished\":\"2025-09-04T04:36:40+00:00\",\"dateModified\":\"2025-11-04T08:51:19+00:00\",\"description\":\"Impressum der B\u00fcrgerinitiative Stopp M\u00fcllverbrennung Graz. Verantwortlich: Winfried K\u00f6nig. Informationen zu Haftung, Urheberrecht und Kontakt.\",\"breadcrumb\":{\"@id\":\"https:\/\/www.xn--stopp-mllverbrennung-graz-lwc.at\/?page_id=18#breadcrumb\"},\"inLanguage\":\"de-AT\",\"potentialAction\":[{\"@type\":\"ReadAction\",\"target\":[\"https:\/\/www.xn--stopp-mllverbrennung-graz-lwc.at\/?page_id=18\"]}]},{\"@type\":\"BreadcrumbList\",\"@id\":\"https:\/\/www.xn--stopp-mllverbrennung-graz-lwc.at\/?page_id=18#breadcrumb\",\"itemListElement\":[{\"@type\":\"ListItem\",\"position\":1,\"name\":\"Startseite\",\"item\":\"https:\/\/www.xn--stopp-mllverbrennung-graz-lwc.at\/\"},{\"@type\":\"ListItem\",\"position\":2,\"name\":\"Impressum\"}]},{\"@type\":\"WebSite\",\"@id\":\"https:\/\/www.xn--stopp-mllverbrennung-graz-lwc.at\/#website\",\"url\":\"https:\/\/www.xn--stopp-mllverbrennung-graz-lwc.at\/\",\"name\":\"stopp-m\u00fcllverbrennung-graz.at\",\"description\":\"\",\"publisher\":{\"@id\":\"https:\/\/www.xn--stopp-mllverbrennung-graz-lwc.at\/#organization\"},\"potentialAction\":[{\"@type\":\"SearchAction\",\"target\":{\"@type\":\"EntryPoint\",\"urlTemplate\":\"https:\/\/www.xn--stopp-mllverbrennung-graz-lwc.at\/?s={search_term_string}\"},\"query-input\":{\"@type\":\"PropertyValueSpecification\",\"valueRequired\":true,\"valueName\":\"search_term_string\"}}],\"inLanguage\":\"de-AT\"},{\"@type\":\"Organization\",\"@id\":\"https:\/\/www.xn--stopp-mllverbrennung-graz-lwc.at\/#organization\",\"name\":\"stopp-m\u00fcllverbrennung-graz.at\",\"url\":\"https:\/\/www.xn--stopp-mllverbrennung-graz-lwc.at\/\",\"logo\":{\"@type\":\"ImageObject\",\"inLanguage\":\"de-AT\",\"@id\":\"https:\/\/www.xn--stopp-mllverbrennung-graz-lwc.at\/#\/schema\/logo\/image\/\",\"url\":\"https:\/\/www.xn--stopp-mllverbrennung-graz-lwc.at\/wp-content\/uploads\/2025\/09\/poster.png\",\"contentUrl\":\"https:\/\/www.xn--stopp-mllverbrennung-graz-lwc.at\/wp-content\/uploads\/2025\/09\/poster.png\",\"width\":850,\"height\":567,\"caption\":\"stopp-m\u00fcllverbrennung-graz.at\"},\"image\":{\"@id\":\"https:\/\/www.xn--stopp-mllverbrennung-graz-lwc.at\/#\/schema\/logo\/image\/\"}}]}<\/script>\n<!-- \/ Yoast SEO plugin. -->","yoast_head_json":{"title":"Impressum - stopp-m\u00fcllverbrennung-graz.at","description":"Impressum der B\u00fcrgerinitiative Stopp M\u00fcllverbrennung Graz. Verantwortlich: Winfried K\u00f6nig. Informationen zu Haftung, Urheberrecht und Kontakt.","robots":{"index":"index","follow":"follow","max-snippet":"max-snippet:-1","max-image-preview":"max-image-preview:large","max-video-preview":"max-video-preview:-1"},"canonical":"https:\/\/www.xn--stopp-mllverbrennung-graz-lwc.at\/?page_id=18","og_locale":"de_DE","og_type":"article","og_title":"Impressum - stopp-m\u00fcllverbrennung-graz.at","og_description":"Impressum der B\u00fcrgerinitiative Stopp M\u00fcllverbrennung Graz. Verantwortlich: Winfried K\u00f6nig. Informationen zu Haftung, Urheberrecht und Kontakt.","og_url":"https:\/\/www.xn--stopp-mllverbrennung-graz-lwc.at\/?page_id=18","og_site_name":"stopp-m\u00fcllverbrennung-graz.at","article_modified_time":"2025-11-04T08:51:19+00:00","twitter_card":"summary_large_image","twitter_misc":{"Gesch\u00e4tzte Lesezeit":"1 Minute"},"schema":{"@context":"https:\/\/schema.org","@graph":[{"@type":"WebPage","@id":"https:\/\/www.xn--stopp-mllverbrennung-graz-lwc.at\/?page_id=18","url":"https:\/\/www.xn--stopp-mllverbrennung-graz-lwc.at\/?page_id=18","name":"Impressum - stopp-m\u00fcllverbrennung-graz.at","isPartOf":{"@id":"https:\/\/www.xn--stopp-mllverbrennung-graz-lwc.at\/#website"},"datePublished":"2025-09-04T04:36:40+00:00","dateModified":"2025-11-04T08:51:19+00:00","description":"Impressum der B\u00fcrgerinitiative Stopp M\u00fcllverbrennung Graz. Verantwortlich: Winfried K\u00f6nig. Informationen zu Haftung, Urheberrecht und Kontakt.","breadcrumb":{"@id":"https:\/\/www.xn--stopp-mllverbrennung-graz-lwc.at\/?page_id=18#breadcrumb"},"inLanguage":"de-AT","potentialAction":[{"@type":"ReadAction","target":["https:\/\/www.xn--stopp-mllverbrennung-graz-lwc.at\/?page_id=18"]}]},{"@type":"BreadcrumbList","@id":"https:\/\/www.xn--stopp-mllverbrennung-graz-lwc.at\/?page_id=18#breadcrumb","itemListElement":[{"@type":"ListItem","position":1,"name":"Startseite","item":"https:\/\/www.xn--stopp-mllverbrennung-graz-lwc.at\/"},{"@type":"ListItem","position":2,"name":"Impressum"}]},{"@type":"WebSite","@id":"https:\/\/www.xn--stopp-mllverbrennung-graz-lwc.at\/#website","url":"https:\/\/www.xn--stopp-mllverbrennung-graz-lwc.at\/","name":"stopp-m\u00fcllverbrennung-graz.at","description":"","publisher":{"@id":"https:\/\/www.xn--stopp-mllverbrennung-graz-lwc.at\/#organization"},"potentialAction":[{"@type":"SearchAction","target":{"@type":"EntryPoint","urlTemplate":"https:\/\/www.xn--stopp-mllverbrennung-graz-lwc.at\/?s={search_term_string}"},"query-input":{"@type":"PropertyValueSpecification","valueRequired":true,"valueName":"search_term_string"}}],"inLanguage":"de-AT"},{"@type":"Organization","@id":"https:\/\/www.xn--stopp-mllverbrennung-graz-lwc.at\/#organization","name":"stopp-m\u00fcllverbrennung-graz.at","url":"https:\/\/www.xn--stopp-mllverbrennung-graz-lwc.at\/","logo":{"@type":"ImageObject","inLanguage":"de-AT","@id":"https:\/\/www.xn--stopp-mllverbrennung-graz-lwc.at\/#\/schema\/logo\/image\/","url":"https:\/\/www.xn--stopp-mllverbrennung-graz-lwc.at\/wp-content\/uploads\/2025\/09\/poster.png","contentUrl":"https:\/\/www.xn--stopp-mllverbrennung-graz-lwc.at\/wp-content\/uploads\/2025\/09\/poster.png","width":850,"height":567,"caption":"stopp-m\u00fcllverbrennung-graz.at"},"image":{"@id":"https:\/\/www.xn--stopp-mllverbrennung-graz-lwc.at\/#\/schema\/logo\/image\/"}}]}},"_links":{"self":[{"href":"https:\/\/www.xn--stopp-mllverbrennung-graz-lwc.at\/index.php?rest_route=\/wp\/v2\/pages\/18","targetHints":{"allow":["GET"]}}],"collection":[{"href":"https:\/\/www.xn--stopp-mllverbrennung-graz-lwc.at\/index.php?rest_route=\/wp\/v2\/pages"}],"about":[{"href":"https:\/\/www.xn--stopp-mllverbrennung-graz-lwc.at\/index.php?rest_route=\/wp\/v2\/types\/page"}],"author":[{"embeddable":true,"href":"https:\/\/www.xn--stopp-mllverbrennung-graz-lwc.at\/index.php?rest_route=\/wp\/v2\/users\/1"}],"replies":[{"embeddable":true,"href":"https:\/\/www.xn--stopp-mllverbrennung-graz-lwc.at\/index.php?rest_route=%2Fwp%2Fv2%2Fcomments&post=18"}],"version-history":[{"count":7,"href":"https:\/\/www.xn--stopp-mllverbrennung-graz-lwc.at\/index.php?rest_route=\/wp\/v2\/pages\/18\/revisions"}],"predecessor-version":[{"id":208,"href":"https:\/\/www.xn--stopp-mllverbrennung-graz-lwc.at\/index.php?rest_route=\/wp\/v2\/pages\/18\/revisions\/208"}],"wp:attachment":[{"href":"https:\/\/www.xn--stopp-mllverbrennung-graz-lwc.at\/index.php?rest_route=%2Fwp%2Fv2%2Fmedia&parent=18"}],"curies":[{"name":"wp","href":"https:\/\/api.w.org\/{rel}","templated":true}]}}

<p>Stopp Müllverbrennungsanlage Graz<br />Eine Bürgerinitiative gegen die geplante Müllverbrennungsanlage in Graz</p>



<p>Vertretungsberechtigt: <a href="https://www.stopp-m%C3%BCllverbrennung-graz.at" target="_blank" rel="noopener">Bürgerinitiative für eine klima- und gesundheitsschonende Fernwärmeversorgung für Graz</a><br />Homepage: Winfried König / E-Mail: erde.graz@gmx.at</p>



<p>Haftungsausschluss:<br />Die Inhalte dieser Website wurden sorgfältig erstellt. Für die Richtigkeit, Vollständigkeit und Aktualität übernehmen wir jedoch keine Gewähr.</p>



<p>Urheberrecht:<br />Alle Texte und Inhalte dieser Website sind urheberrechtlich geschützt.</p>

<p>Stopp Müllverbrennungsanlage GrazEine Bürgerinitiative gegen die geplante Müllverbrennungsanlage in Graz Vertretungsberechtigt: Bürgerinitiative für eine klima- und gesundheitsschonende Fernwärmeversorgung für GrazHomepage: [&hellip;]</p>

<!-- This site is optimized with the Yoast SEO plugin v25.8 - https://yoast.com/wordpress/plugins/seo/ -->
<title>Impressum - stopp-müllverbrennung-graz.at</title>
<meta name="description" content="Impressum der Bürgerinitiative Stopp Müllverbrennung Graz. Verantwortlich: Winfried König. Informationen zu Haftung, Urheberrecht und Kontakt." />
<meta name="robots" content="index, follow, max-snippet:-1, max-image-preview:large, max-video-preview:-1" />
<link rel="canonical" href="https://www.xn--stopp-mllverbrennung-graz-lwc.at/?page_id=18" />
<meta property="og:locale" content="de_DE" />
<meta property="og:type" content="article" />
<meta property="og:title" content="Impressum - stopp-müllverbrennung-graz.at" />
<meta property="og:description" content="Impressum der Bürgerinitiative Stopp Müllverbrennung Graz. Verantwortlich: Winfried König. Informationen zu Haftung, Urheberrecht und Kontakt." />
<meta property="og:url" content="https://www.xn--stopp-mllverbrennung-graz-lwc.at/?page_id=18" />
<meta property="og:site_name" content="stopp-müllverbrennung-graz.at" />
<meta property="article:modified_time" content="2025-11-04T08:51:19+00:00" />
<meta name="twitter:card" content="summary_large_image" />
<meta name="twitter:label1" content="Geschätzte Lesezeit" />
	<meta name="twitter:data1" content="1 Minute" />
<script type="application/ld+json" class="yoast-schema-graph">{"@context":"https://schema.org","@graph":[{"@type":"WebPage","@id":"https://www.xn--stopp-mllverbrennung-graz-lwc.at/?page_id=18","url":"https://www.xn--stopp-mllverbrennung-graz-lwc.at/?page_id=18","name":"Impressum - stopp-müllverbrennung-graz.at","isPartOf":{"@id":"https://www.xn--stopp-mllverbrennung-graz-lwc.at/#website"},"datePublished":"2025-09-04T04:36:40+00:00","dateModified":"2025-11-04T08:51:19+00:00","description":"Impressum der Bürgerinitiative Stopp Müllverbrennung Graz. Verantwortlich: Winfried König. Informationen zu Haftung, Urheberrecht und Kontakt.","breadcrumb":{"@id":"https://www.xn--stopp-mllverbrennung-graz-lwc.at/?page_id=18#breadcrumb"},"inLanguage":"de-AT","potentialAction":[{"@type":"ReadAction","target":["https://www.xn--stopp-mllverbrennung-graz-lwc.at/?page_id=18"]}]},{"@type":"BreadcrumbList","@id":"https://www.xn--stopp-mllverbrennung-graz-lwc.at/?page_id=18#breadcrumb","itemListElement":[{"@type":"ListItem","position":1,"name":"Startseite","item":"https://www.xn--stopp-mllverbrennung-graz-lwc.at/"},{"@type":"ListItem","position":2,"name":"Impressum"}]},{"@type":"WebSite","@id":"https://www.xn--stopp-mllverbrennung-graz-lwc.at/#website","url":"https://www.xn--stopp-mllverbrennung-graz-lwc.at/","name":"stopp-müllverbrennung-graz.at","description":"","publisher":{"@id":"https://www.xn--stopp-mllverbrennung-graz-lwc.at/#organization"},"potentialAction":[{"@type":"SearchAction","target":{"@type":"EntryPoint","urlTemplate":"https://www.xn--stopp-mllverbrennung-graz-lwc.at/?s={search_term_string}"},"query-input":{"@type":"PropertyValueSpecification","valueRequired":true,"valueName":"search_term_string"}}],"inLanguage":"de-AT"},{"@type":"Organization","@id":"https://www.xn--stopp-mllverbrennung-graz-lwc.at/#organization","name":"stopp-müllverbrennung-graz.at","url":"https://www.xn--stopp-mllverbrennung-graz-lwc.at/","logo":{"@type":"ImageObject","inLanguage":"de-AT","@id":"https://www.xn--stopp-mllverbrennung-graz-lwc.at/#/schema/logo/image/","url":"https://www.xn--stopp-mllverbrennung-graz-lwc.at/wp-content/uploads/2025/09/poster.png","contentUrl":"https://www.xn--stopp-mllverbrennung-graz-lwc.at/wp-content/uploads/2025/09/poster.png","width":850,"height":567,"caption":"stopp-müllverbrennung-graz.at"},"image":{"@id":"https://www.xn--stopp-mllverbrennung-graz-lwc.at/#/schema/logo/image/"}}]}</script>
<!-- / Yoast SEO plugin. -->

Impressum - stopp-müllverbrennung-graz.at

Impressum der Bürgerinitiative Stopp Müllverbrennung Graz. Verantwortlich: Winfried König. Informationen zu Haftung, Urheberrecht und Kontakt.

stopp-müllverbrennung-graz.at
